- (0 - 0)) + -4 + (-88 - -91)
-2
(-1 - 37) + 1 + (-42 - -7 - -36)
-36
Calculate -7 - (-8 + -1 - 2) - (1 - -8).
-5
(-68 - -60) + (1 - 0) + 8
1
What is the value of 10 + -3 - -1 - 7?
1
What is the value of (10 - 0) + 3 - (38 + -57)?
32
What is the value of 17 + -4 + (39 - 34) + -7 + -2?
9
10 - (-5 + (11 - 3 - 6))
13
What is the value of 16 + (-15 - -5) - 3?
3
Calculate -18 + 2 + -61 + 71.
-6
Evaluate 21 + -5 + (2 - -7) + (5 - 12).
18
Calculate -1 - 2 - (-25 + 22).
0
Calculate (-11 - (-5 + 3 + 0)) + (54 - 53).
-8
What is the value of 0 + (-3 - (0 + 12 - 15))?
0
Calculate 11 + 6 + -6 + -5.
6
5 - (4 + 8 + (-10 - -8))
-5
Evaluate -6 - (25 - (-17 - -31)).
-17
What is the value of 40 + -42 + (1 - (3 + 1 + -2))?
-3
16 + (-41 - 1) - (0 - (-1 - -10))
-17
Calculate -5 - (47 - 10) - -9 - 8.
-41
Calculate -2 + -6 - (-17 + -7 + 20).
-4
What is the value of (-9 - -29 - 4) + 6?
22
Evaluate 28 - (-9 - -9) - (-8 - (-2 - 1)).
33
35 + (-51 - -16) - (29 + 0)
-29
Evaluate 12 + 1 + 0 - (74 + -38 - 36).
13
Calculate 35 - (-9 - -66) - ((-1 - -1) + -1).
-21
7 - (22 + 2 + 0 - 7)
-10
Calculate 21 + (13 + -18 - 13).
3
Evaluate (24 - (6 - -7)) + -17.
-6
Calculate -1 + (4 - (17 + -25)).
11
What is the value of 12 + (16 - (-12 + 39)) + 5?
6
Evaluate (-10 - (2 + -1 - 1) - -7) + -9.
-12
(4 - (-6 + 7)) + 5 + -8 - 2
-2
Evaluate -41 + 24 - -22 - 39.
-34
Calculate (10 - 6 - (1 + -8)) + -1 + -5.
5
What is the value of -3 - ((-14 - -24 - 17) + -21)?
25
What is 5 + 23 + 6 + -25?
9
Calculate (0 - 12) + (-54 - -55) - 4 - -1.
-14
What is the value of (-19 + -4 - -9) + 2 + 10?
-2
What is the value of (-78 - -72) + 16 + (0 - 1) + 4?
13
What is the value of -10 + 4 + -11 + 13?
-4
22 + -27 - (-1 - 4)
0
Calculate -4 - (1 + (-18 - -3)).
10
What is -5 + 36 + -47 + -2?
-18
What is (-23 + 7 - -7) + (-2 - -13)?
2
-11 - (2 + -20) - 9
-2
What is the value of 0 + (-10 - -8) - -4 - 7?
-5
Evaluate (-18 + 13 - -8) + (-2 - 19) + 5.
-13
What is -8 + -14 + 26 + 8 - 22?
-10
Calculate (-3 - -8) + -4 - 3 - -3.
1
Calculate 6 + -7 + -11 + 4 + 12.
4
2 + -33 + 135 + -123 - -49
30
What is (-4 + 0 - -1) + 3 + 69 + -36?
33
Calculate (8 - (-12 + 4)) + -9 + -15.
-8
What is -1 + 3 + -6 + (-3 - 7 - -9)?
-5
Calculate 8 - ((-1 - -2) + 2).
5
Calculate (-2 - 2) + -14 + 40 + -19 - 23.
-20
What is the value of ((7 - 14) + 12 - (13 + 0)) + -4?
-12
Evaluate (-25 - -35) + (-9 - -19 - -3).
23
Evaluate 4 + (-6 - ((2 - 3) + -7)).
6
What is the value of 6 + 11 + 10 + -16?
11
Evaluate 13 - (10 + 6 - 9).
6
-9 + 1 + (7 + -14 - -17)
2
Evaluate -13 + 23 + -15 - -11.
6
What is the value of 11 + (-6 - -12 - 19) + -13?
-15
Calculate -2 + 2 - -10 - (99 - 104).
15
Evaluate 28 + -7 + -1 + -1 + 641 + -628.
32
Evaluate 2 + (-1 - -3) + -5 + 1 + -10.
-10
Calculate 5 - (0 + -3) - (-53 + 36 + 16).
9
What is (20 - 1) + (52 - 65)?
6
32 + -29 - -3 - -20
26
Evaluate -3 + (-2 - -20 - ((-23 - -10) + 4)).
24
Evaluate (-10 - 0) + 0 - (178 - 200).
12
Evaluate 2 - -10 - (53 + -49).
8
Evaluate (-6 + 8 - 15) + (-8 - (-1 - 5)).
-15
Evaluate (15 - 15) + 4 + (-8 - -4 - -6).
6
Evaluate -7 - -1 - (-5 + 9).
-10
Evaluate (-3 - 7 - -4) + -7 + 2 + 1.
-10
What is 7 + -7 + 3 + 5 + (-8 - -2)?
2
Calculate (-3 + -2 - 4) + 17 + 1.
9
Calculate (1 - 5 - 0) + (-13 - (18 + -34)).
-1
Calculate (-3 - -10) + (7 - (1 + -1 - -4)).
10
What is the value of 40 - (18 - (-29 + 0))?
-7
What is the value of (20 - 3) + (-122 - -127)?
22
Calculate -7 + (-15 - (-65 + 24)).
19
Calculate 0 + (-5 - -7 - 2) + 26.
26
What is the value of (1213 - 1199) + (1 - 4 - (1 - -1))?
9
What is 1 + 0 - (-6 + (0 - -1)) - 31?
-25
What is -8 + (-3 - -12 - (3 - 1))?
-1
Evaluate -27 + 36 + -47 - -62.
24
-4 + 7 - (7 - (6 - (10 - 5)))
-3
(8 - -20) + -24 - 2
2
What is the value of 2 + -2 + -1 + 3 - (-121 - -128)?
-5
What is the value of 199 + -197 + 8 + 0 + 4?
14
What is the value of -2 + -18 + 6 + (-9 - -5 - 6)?
-24
Evaluate ((6 - 1) + 6 + -11 - -9) + -6.
3
What is -24 - (-47 - (23 - 47))?
-1
(4 + -10 - -6) + -2 + -1
-3
What is -15 - (4 - (0 + 56)) - 11?
26
Calculate (3 - -2) + (45 - 78) - -14.
-14
What is -3 + (-6 - -5 - 3 - -6)?
-1
8 + 9 + -13 + 28 - -1
33
Calculate 16 - (-10 - -35) - -2.
-7
Evaluate 7 + -7 + (1 + -4 - -3).
0
Evaluate (-3 - 5) + (-18 - -7 - -18).
-1
Calculate -1 + -19 + (-44 - -59).
-5
Calculate (7 + -2 - 8) + 10.
7
Evaluate 9 - (-10 - 0 - (-112 - -95)).
2
(3 - -2 - (83 + -74)) + 8
4
-14 - (-4 + (-12 - (5 - 7)))
0
Evaluate (2 - 5) + (15 - 5) - (24 + 0).
-17
Evaluate 12 + -4 + 3 + -6 - (26 + -4).
-17
What is the value of 92 + -123 - (-1 + -19)?
-11
((-1 - 0) + -2 - (-4 + -5)) + -19
-13
8 - (-3 - -15) - (-3 + 1)
-2
What is the value of (-45 - -28) + 11 + (-12 - -46)?
28
Calculate -10 - (6 - (-7 - -2) - 9).
-12
What is (-38 + 30 - (-7 + 1)) + -3?
-5
What is 22 + -10 + -19 + 25?
18
What is the value of 15 - ((17 + -19 - -27) + 16)?
-26
Calculate 13 + (-7 - 20) - -25.
11
Calculate 19 + -22 - (-9 + 10).
-4
What is 125 + -159 + (-2 - -20)?
-16
What is the value of -10 + 6 + (0 - 7) + 9?
-2
What is -6 + ((18 - 0) + -7 - 0)?
5
Evaluate -9 - ((1 - -4 - -4) + -11).
-7
What is -10 - (7 + -8 + 11)?
-20
(3 - 17 - -5) + 0
-9
Calculate -9 + -6 + 1 + 3 + 6 + 26.
21
7 - ((5 - 0 - -7) + (-6 - -9))
-8
What is the value of 2 - (-1 + (5 - 7))?
5
What is 1 + 4 + (-10 - (-9 + 4))?
0
What is 7 + (-24 - -10) + 9?
2
Calculate (85 - 78) + -1 + 6.
12
Evaluate -1 + -35 + 14 + 14.
-8
Evaluate (-2 - -10) + (-54 + 28 - -6).
-12
What is -21 - (2 - (-10 + 7) - 17)?
-9
Evaluate (11 + -5 - 16) + 2 + 3.
-5
What is the value of 5 + (-3 - (9 - -7)) + 11 + -28?
-31
2 + 0 - (-492 - -506)
-12
Evaluate 9 + (-8 - (3 - 17)) + 1.
16
Evaluate (1 - (-6 - -27 - 10)) + -3.
-13
(-9 - (15 + -9)) + 12
-3
What is (1 - 1 - 1) + (-64 - -56) + 3?
-6
What is (23 - 9 - 26 - 0) + 7?
-5
Evaluate 1 + -6 + (2 - 11) - (4 + -8).
-10
Calculate (4 - (6 - -10)) + 3 + -8.
-17
What is (-6 - (-2 - 3)) + -3 + (2 - -4)?
2
Calculate 8 + (-1 - 10 - -13) + -7.
3
(17 - (-14 - -48)) + 6
-11
Evaluate 21 - (-7 + 15) - (7 + -1) - 4.
3
Calculate (-11 - (14 + -15 + -4)) + -7 + 1.
-12
What is 32 - 23 - -12 - 10?
11
-109 + 19 - -50 - (-3 + -14)
-23
Calculate (0 - 5) + -32 + (2 - -26) + -1.
-10
What is 7 - (-17 + (17 - -6))?
1
What is the value of (5 - -2) + 4 + -4 + -10 - -6?
3
What is the value of (-7 - (-2 - -3)) + -226 + 222?
-12
Evaluate -14 - -74 - 66 - (0 + 29).
-35
Calculate 2 - 8 - -13 - (0 + 13).
-6
What is the value of (2 - 4) + (11 + -6 - (11 + -1))?
-7
What is 34 + 1 - (-5 + -3 + 17) - 10?
16
Evaluate -11 + (-8 - (-24 - 7)).
12
Evaluate -10 + (-15 - (14 + -22)).
-17
What is the value of 18 - 3 - (11 - (9 - (-8 - -12)))?
9
Calculate 2 - (2 - 4) - (-1129 - -1167).
-34
11 + -6 - 10 - -12
7
Calculate 3 - (-2 + (-4 - (4 - -1))).
14
-1 + (-3 - (5 - 13) - 1 - -4)
7
What is the value of (7 - (-12 + 26)) + -1 + -29?
-37
What is the value of 18 + -26 - (-6 - -2)?
-4
What is the value of (-2 - -3) + (29 + -24 - (-10 - -1))?
15
Evaluate 0 - (1 + 1) - -8.
6
What is 6 + -10 - -8 - (-8 - -10) - 15?
-13
Evaluate -7 - ((-7 - -17) + 2 + 1).
-20
1 + 4 + (-3 + 5 - -4)
11
What is the value of 13 + -6 + -12 + 11 - -13?
19
26 - -15 - 45 - (-19 - 2)
17
What is the value of (-19 - (-13 + 13) - -4) + 46?
31
What is the value of 20 + -11 + 7 + -13?
3
Evaluate (-6 - 18) + (-16 - (14 + -38)).
-16
What is the value of 2 - 3 - (1 + -35 + 28)?
5
What is the value of -40 - (-92 + 67) - (-10 + (-1 - -1))?
-5
Evaluate -5 + -2 + (59 + -35 - 7).
10
What is the value of -25 + (-9 - (-31 + 17))?
-20
Calculate -53 + 44 + (-8 - 6).
-23
What is the value of 14 - (13 + (13 - 13))?
1
Evaluate -946 - -905 - (-23 - 1).
-17
(-17 - -31) + -1 - 40
-27
Calculate -30 + (12 - 4) + 10.
-12
Evaluate (12 - 0 - 1) + (-48 - -42).
5
Calculate (-38 - -21 - -14) + -3.
-6
-377 + 360 + (-1 - (-2 + 3))
-19
Calculate 1 - -1 - (44 - 58) - -8 - 7.
17
Evaluate (-18 - -19 - 16) + (-4 - 1).
-20
What is 126 + -128 - (-8 - 1)?
7
Evaluate 110 + -130 - (1 - (2 - -8)).
-11
Evaluate (2 - -2) + -4 + -4 + 2 + -7.
-9
What is (-10 - (-24 + 9)) + -21 + -4 - -4?
-16
Calculate (3 - 6 - 5) + (-8 - (0 + -5)).
-11
Calculate 3 + -7 + (32 - 9 - 8) + -7.
4
What is -15 + (0 - -2) + (-28 - -30 - 12)?
-23
What is the value of 43 + -94 + (34 - 2)?
-19
Evaluate -11 + (6 - 18 - -37) + -29.
-15
What is (-5 - 0 - (-5 + 18 + -18)) + 30?
30
1 + 0 + -8 + (8 - (15 